n(b) = -354763*b + 2483337. Give n(7).
-4
Let w(y) = 4431*y + 195014. Give w(-44).
50
Let l(n) = n**3 - 196*n**2 - 4325*n - 96. Calculate l(-20).
4
Let i(r) = r**2 - 5528*r + 16564. Calculate i(3).
-11
Let u(z) = 6*z**3 + 14*z**2 - 321*z + 571. Determine u(2).
33
Let j(z) = -315*z + 11641. Calculate j(38).
-329
Let m(l) = 2*l**3 + 281*l**2 + 3511*l - 485. Calculate m(-14).
-51
Let c(f) = -94394*f + 188790. What is c(2)?
2
Let h(i) = -17*i**3 + 199*i**2 - 9*i - 1. Determine h(11).
1352
Let n(i) = i**2 - 1787*i - 180778. Give n(-96).
-10
Let o(m) = 121*m + 13912. Calculate o(-114).
118
Let i(x) = 471*x + 75914. Give i(-161).
83
Let w(p) = 63*p + 8253. Calculate w(-125).
378
Let g(s) = -s**2 - 1524853*s + 3049706. Give g(2).
-4
Let d(y) = -20*y**3 - 339*y**2 + y - 45. Determine d(-17).
227
Let x(f) = -38*f**2 + 241*f - 13. Give x(6).
65
Let w(c) = c**3 - 203*c**2 - 17755*c - 323. Determine w(-66).
-257
Let i(z) = -59478*z - 773286. Determine i(-13).
-72
Let r(w) = -7561*w + 105885. What is r(14)?
31
Let w(m) = -8*m**2 + 11985*m + 59915. What is w(-5)?
-210
Let n(z) = -3*z**2 + 221*z - 2597. Calculate n(12).
-377
Let d(v) = 5*v**3 - 1087*v**2 - 884005*v + 543. Determine d(543).
0
Let y(a) = -9*a**2 - 435*a - 4660. Calculate y(-14).
-334
Let l(f) = f**2 - 800*f + 82745. What is l(122)?
29
Let x(f) = -4*f**3 + 111*f**2 - 219*f + 6905. What is x(28)?
-11
Let x(d) = 54*d**2 - 39*d - 125. Determine x(-3).
478
Let j(l) = 4*l**3 + 314*l**2 - 2334*l - 34. What is j(7)?
386
Let k(b) = -49964*b + 299776. Calculate k(6).
-8
Let q(h) = 18*h**3 - 28*h**2 + 796*h - 768. Calculate q(1).
18
Let k(u) = -4424*u - 415884. Determine k(-94).
-28
Let v(c) = -c**3 - 219*c**2 - 2988*c - 24192. Calculate v(-205).
-2
Let q(w) = -w**2 - 1466*w - 48597. What is q(-34)?
91
Let m(p) = p**3 - 46*p**2 - 9435*p + 403326. Calculate m(42).
0
Let m(b) = -229916*b - 2069267. What is m(-9)?
-23
Let v(f) = f**2 + 6954*f - 3229866. Give v(437).
1
Let r(d) = d**2 - 1744*d + 8747. Give r(5).
52
Let n(x) = 5574*x**2 + 172800*x + 156. Determine n(-31).
-30
Let y(g) = 62*g**2 + 2072*g + 211. What is y(-33)?
-647
Let q(j) = 5*j**3 - 31*j**2 - 30*j + 24. Calculate q(7).
10
Let r(n) = 997*n - 146689. What is r(147)?
-130
Let l(o) = 13*o**2 - 1231*o + 9749. Give l(86).
31
Let z(h) = -2839*h - 783697. Calculate z(-276).
-133
Let h(t) = -6*t**2 - 389*t + 232. Determine h(-64).
552
Let k(q) = -22789*q - 4056445. What is k(-178)?
-3
Let c(j) = 185*j - 1738. Calculate c(9).
-73
Let u(i) = -4*i**2 + 38628*i - 385947. Calculate u(10).
-67
Let m(h) = 169*h**2 - 37*h - 166. Determine m(-5).
4244
Let o(f) = -121888*f - 487633. Determine o(-4).
-81
Let u(t) = -266*t + 44965. Give u(169).
11
Let v(c) = -16*c**2 - 309*c - 1267. Give v(-6).
11
Let t(o) = 2*o**2 + 377*o + 3602. What is t(-178)?
-136
Let j(f) = 2*f**3 + 33*f**2 + 161*f - 8. Determine j(-7).
-204
Let y(z) = -944*z - 14135. Give y(-16).
969
Let v(x) = 3*x**2 + 6918*x - 27724. What is v(4)?
-4
Let k(j) = -2*j**3 - 745*j**2 + 3781*j - 25. Determine k(5).
5
Let i(a) = 10*a**2 - 457*a + 1549. What is i(4)?
-119
Let b(z) = -9709*z + 19873. Determine b(2).
455
Let g(c) = 34634*c + 103910. Determine g(-3).
8
Let p(l) = 2*l**3 + 2*l**2 - 17*l + 74. What is p(4)?
166
Let t(u) = u**3 + 50*u**2 - 1853*u + 6590. Determine t(4).
42
Let g(t) = -2*t**2 - 647501*t - 2589997. Determine g(-4).
-25
Let d(t) = t**3 - 2*t**2 + 3379*t - 6749. Determine d(2).
9
Let o(h) = h**2 - 76*h - 5678. What is o(-46)?
-66
Let l(h) = 3*h**2 + 96*h - 3591. Give l(-54).
-27
Let d(w) = -2*w**2 + 125*w + 18553. What is d(132)?
205
Let b(u) = -u**3 - 7*u**2 + 7*u - 60. Calculate b(-6).
-138
Let u(b) = b**3 + 1312*b**2 - 82323*b + 177. What is u(60)?
-3
Let c(d) = 362667*d + 2538740. Give c(-7).
71
Let x(g) = -12*g**3 - 2965*g**2 - 341*g - 23224. Give x(-247).
-6
Let n(i) = 8259*i - 867194. Give n(105).
1
Let i(v) = v**3 + 28*v**2 + 188*v + 517. Calculate i(-20).
-43
Let c(t) = 3*t**2 - 410*t - 472. What is c(131)?
-2699
Let i(z) = -z**3 + 112*z**2 + 461*z + 379. Determine i(116).
31
Let u(o) = -23*o**2 - 114004*o + 114000. Calculate u(1).
-27
Let q(p) = 28*p**3 - 1542*p**2 + 74*p + 82. Determine q(55).
-1898
Let x(p) = -p**3 + 17*p**2 - 378*p + 5757. Give x(16).
-35
Let f(v) = -204*v**2 - 1472*v + 1096. What is f(-8)?
-184
Let b(i) = -939*i**2 - 30990*i + 157. Determine b(-33).
256
Let o(c) = -147*c**3 - 3*c**2 + 140*c - 137. Give o(1).
-147
Let o(y) = y**2 + 70*y - 93. Give o(-61).
-642
Let r(g) = 71*g**2 - 3061*g - 2763. Calculate r(44).
9
Let a(k) = -877*k + 428851. Calculate a(489).
-2
Let b(l) = -371*l + 6309. What is b(17)?
2
Let h(y) = 149763*y + 1198106. Give h(-8).
2
Let k(f) = -6*f**2 + 516*f + 122084. What is k(-106)?
-28
Let t(m) = -2*m**2 + 4431*m - 100854. Calculate t(23).
1
Let o(p) = -3*p**2 + 1310*p + 54644. Give o(475).
19
Let b(a) = -40*a**3 + 50356*a**2 + 5047*a - 13847. Calculate b(1259).
2
Let o(t) = -t**3 - 3*t**2 - 192*t + 782. Determine o(4).
-98
Let h(g) = -81*g**2 + 301*g + 1221. Determine h(-4).
-1279
Let a(h) = 2*h**2 - 6737*h - 60802. Give a(-9).
-7
Let g(d) = -d**3 - 313*d**2 - 2910*d + 1211. Determine g(-10).
11
Let q(f) = -38*f**3 - 1859*f**2 + 139*f - 387. Give q(-49).
5
Let z(k) = k**3 + 106*k**2 - 152*k + 6761. Determine z(-108).
-151
Let z(u) = u**3 - 18*u**2 + 3*u - 58. Calculate z(20).
802
Let u(y) = 12*y**3 - 1043*y**2 - 83*y - 432. What is u(87)?
-84
Let m(w) = w**2 - 237*w - 6629. Calculate m(-25).
-79
Let t(w) = -w**3 - 27*w**2 + 8941*w + 257. Calculate t(-109).
-70
Let z(u) = -u**3 + 13*u**2 - 5221*u + 119221. Calculate z(22).
3
Let p(t) = 72*t - 23995. Give p(305).
-2035
Let u(i) = -6*i**3 - 884*i**2 - 282*i + 1794. Calculate u(-147).
30
Let f(t) = 8*t**3 - 146*t**2 + 913*t + 1. Determine f(6).
1951
Let f(k) = 91*k**2 + 512*k - 211. What is f(-6)?
-7
Let i(o) = -93312*o - 4199024. Calculate i(-45).
16
Let z(c) = -87*c - 26734. Give z(-309).
149
Let z(a) = -8*a**3 - 537*a**2 + 1615*a + 360. Calculate z(-70).
10
Let n(q) = 131*q**2 - 38152*q + 9020. Give n(291).
-1
Let j(b) = -203*b**2 + 10943*b - 20125. What is j(52)?
-1
Let s(z) = -2848*z**2 - 19873*z + 431. Give s(-7).
-10
Let a(i) = 2*i**3 - 525*i**2 - 768*i - 6315. Give a(264).
21
Let f(w) = -10117*w - 30466. What is f(-3)?
-115
Let l(j) = -2579*j - 53439. Determine l(-21).
720
Let n(g) = -g**3 - 3*g**2 - 94*g + 1171. Give n(0).
1171
Let h(t) = -3*t**2 + 12*t + 371. Determine h(16).
-205
Let v(y) = 83*y**3 - 5*y**2 - 26*y + 20. Calculate v(3).
2138
Let g(s) = s**3 + 23*s**2 + 704*s + 6295. What is g(-11)?
3
Let d(s) = -37*s**2 + 27*s - 60. What is d(3)?
-312
Let h(a) = 139*a - 19878. What is h(144)?
138
Let m(c) = c**3 - 18*c**2 + 209*c - 5469. Determine m(21).
243
Let h(i) = 1217*i - 223307. What is h(184)?
621
Let a(g) = 3*g**3 + 709*g**2 + 240*g + 960. Determine a(-236).
16
Let d(a) = -109*a**2 + 7416*a - 278. Give d(68).
-6
Let g(w) = -1890*w - 512187. Calculate g(-271).
3
Let t(a) = 3*a**2 - 157246*a + 5185843. What is t(33)?
-8
Let t(r) = -r**3 + 83*r**2 + 7*r + 1076. What is t(83)?
1657
Let q(d) = 727*d - 93252. Calculate q(128).
-196
Let a(u) = 7*u**2 - 774*u + 629. Determine a(110).
189
Let h(t) = -5267*t + 337085. Calculate h(64).
-3
Let o(j) = 49895*j - 49892. Give o(1).
3
Let b(h) = -h**2 - 201*h - 12487. Determine b(-133).
-3443
Let o(k) = -341*k + 1859. Determine o(1).
1518
Let k(l) = 54*l - 5679. What is k(104)?
-63
Let z(q) = -9*q**2 - 632*q + 284. Give z(-59).
6243
Let t(l) = 2*l**3 + 15*l**2 - 16*l - 679. What is t(0)?
-679
Let t(y) = 2332*y**2 - 18657*y + 13. Calculate t(8).
5
Let y(n) = -705*n**2 - 59*n - 59. What is y(-1)?
-705
Let b(z) = 15*z**2 - 731*z + 3702. What is b(43)?
4
Let j(w) = -9760*w - 283044. Calculate j(-29).
-4
Let k(z) = 11*z**2 + 8350*z - 8360. Give k(1).
1
Let x(c) = 81*c**3 - 353*c**2 + 35*c - 97. Calculate x(4).
-421
Let d(r) = -1231*r**2 + 6043*r + 16. What is d(5)?
-544
Let t(d) = 3*d**2 + 325307*d + 1301227. Calculate t(-4).
47
Let n(p) = -49298*p + 394588. What is n(8)?
204
Let m(s) = -s**2 - 1471*s + 7327. Calculate m(5).
-53
Let m(c) = -194*c + 2587. Calculate m(13).
65
Let j(c) = -526392*c + 526394. Calculate j(1).
2
Let z(v) = -1807*v + 408227. Give z(226).
-155
Let c(i) = 201*i**2 + 23918*i - 116. Calculate c(-119).
3
Let q(p) = 7*p